a + -26. Let u(v) = -3*v - 2. Determine u(j).
-8
Let n = -1 + -9. Let h(d) be the second derivative of -1/6*d**3 + 0 - 5/2*d**2 - 24*d. What is h(n)?
5
Let i(k) = 4*k + 38 + 29 + 36 + 44 - 120. What is i(-11)?
-17
Suppose -2*s - 14 + 12 = 0, -2*o + 4*s + 50 = 0. Let h(t) = 11 - o + 10 + 6*t. Calculate h(6).
34
Let c(v) be the second derivative of -v**5/20 - v**4/6 + v**3/6 - v**2/2 - 4*v - 285. What is c(-6)?
137
Suppose -190*t = -187*t - 57. Let u(l) be the first derivative of t + 7/2*l**2 - 1/3*l**3 - 3*l. Calculate u(6).
3
Let z be 4/(-8)*2/1 - -1. Suppose -2*i + 2*l = -z*i, 5*i - 6 = -l. Let j be (-24)/(-8) - (-2)/i. Let d(f) = 5*f - 4. Calculate d(j).
21
Suppose -8*u = -15 - 25. Let g(o) = -u + 1 + 0*o + 5*o - 3*o. Let y be (10/(-5))/4 - (-18)/4. Determine g(y).
4
Let o(q) = -2*q + 8. Let m(f) = -2*f + 5. Let w(h) = 7*m(h) - 5*o(h). Let a = 0 + -6. Determine w(a).
19
Let w(r) be the third derivative of -r**6/24 - r**5/60 - 1433*r**2. Let t(g) = -g**3 - 10*g**2 + 23*g - 11. Let x be t(-12). Determine w(x).
-6
Suppose 22*m = 197 + 111. Suppose 4*v + 0*l - 65 = 5*l, 5*v - 103 = -l. Let k = m - v. Let p(b) = -2*b - 5. Determine p(k).
7
Let t be (-1 - 4) + 24 + -24. Let o(f) = 4*f + 17. Calculate o(t).
-3
Let t(f) = 366 - 747 + f + 369. Suppose -4*x - 8 = 0, -3*c + 28 = -2*x + 6. What is t(c)?
-6
Let t(g) = g**3 + 10*g**2 - 12*g - 2. Let z be t(-11). Let f(j) = -10 + 2*j**2 + 3*j - j**2 + z - 1. Suppose 29*x - 31*x - 8 = 0. Give f(x).
2
Suppose -8 = 3*w + 4, 5*q - 2*w + 82 = 0. Let a be 3 + 5/(15/q). Let p be 2/6*a*1. Let s(u) = 19*u**2 + 2*u + 1. Determine s(p).
18
Let s(h) = 3*h**3 - 2*h**2 - 2*h + 1. Let l(z) = 2*z**2 + 38*z + 26. Let n be l(-13). Let g = n - -136. Suppose g*w + 24 = 36. Determine s(w).
13
Let q(u) be the third derivative of u**4/8 - 28*u**3/3 - 10*u**2. Let j = 596 - 579. Calculate q(j).
-5
Let j(u) = -15*u + 1. Let g = -278 - -281. Let r be (g + 0 + -4)/1. Give j(r).
16
Let b(k) = -6 + 4*k - 1 + 2*k - 7*k + k**2. Let u be 8/2 - 3 - -21. Suppose -4*g + y = -23, g = -4*g - y + u. What is b(g)?
13
Let b(z) = -26*z - 22. Let f(j) = 3*j + 2. Let m(v) = 3*b(v) + 24*f(v). Give m(10).
-78
Let s(c) = 4*c - 45. Let z be s(9). Let d be (-66)/(-2)*3/z. Let o(a) = 2*a + 9. Determine o(d).
-13
Let o(c) = -4*c**2 + 17*c + 19. Let b(l) = l**2 - l - 1. Let g(u) = 5*b(u) + o(u). Give g(-8).
-18
Let k(q) = -2*q + 2. Let o(y) = -y - 3. Let i(s) = -3*k(s) + 5*o(s). What is i(27)?
6
Let g = -1021 + 1016. Let r(u) = 10*u + 1. What is r(g)?
-49
Let j = 31 + -23. Suppose -3*q = -g - 2, -2*q - j = -3*g - 0. Suppose 5 = -g*p + 3*p. Let b(m) = -m**2 - 5*m + 1. What is b(p)?
1
Let y(z) = -10*z - 42. Let p be y(-7). Let h(n) = -61*n + p*n**2 + 31*n + 29*n. Determine h(1).
27
Let u(h) = h**2 + 16*h - 34. Let o be u(-18). Let f be 0 - (-3 - -6)*(1 + -2). Let y(m) = -3*m + f*m + 2 - 4*m. Give y(o).
-6
Let x(c) = -5*c + 9. Let l be -1*29/(-9) - (-46)/(-207). Suppose 5*r = 3*r + l*s, 3*r - 3*s = 6. What is x(r)?
-21
Let u(o) be the second derivative of o**4/12 + 4*o**3/3 - 1037*o. Give u(-8).
0
Let b(r) = r**2 - 2*r - 5. Let h(t) = t**2 - 7*t + 5. Let l = 70 + -70. Suppose 2*w = -l*w + 14. Let p be h(w). Calculate b(p).
10
Let t = 1139 + -1129. Let v(y) = 2*y - 14. Give v(t).
6
Let t(r) = -2*r**2 + 37*r - 10. Suppose -131*u + 782 = -1058 - 518. Calculate t(u).
8
Let q be (-7 - -7)*3/15 - -3. Let j(r) = 9*r - 13*r + r + 6*r - q*r**2. Give j(2).
-6
Let i(f) = 2*f**3 - 18*f**2 - 2*f + 8. Suppose 0 = 4*q + 20, 113*y - 116*y - 3*q = -12. What is i(y)?
-10
Let l(x) be the first derivative of -x**6/120 - x**5/10 - x**4/24 + x**3/2 - 7*x**2 + x + 38. Let k(p) be the second derivative of l(p). Calculate k(-6).
9
Let m be (43 - 42)*(2*-1 + 6). Let p(v) = 7*v - 4. Determine p(m).
24
Let q(x) = -20*x**2 + 14*x**2 + 0*x + 3*x**2 + 5*x**2 + 2*x - 9. Calculate q(2).
3
Let p(a) be the third derivative of 0*a - 1/3*a**3 - 1/120*a**6 - 1/24*a**4 - 194 + 2*a**2 + 1/20*a**5. Give p(4).
-22
Let g(j) = 2*j**2 + 22*j + 25. Let p(q) = q**2 + 11*q + 13. Let h(z) = -4*g(z) + 7*p(z). Suppose 5*o - 2*v + 50 = 0, -5*v + 30 = 28*o - 31*o. Determine h(o).
1
Suppose -205 = -4*g - h + 6*h, -h = 1. Suppose -479*u = -484*u - g. Let o(c) = 5*c + 8. Give o(u).
-42
Let c be -1 + 0 + 9/((-45)/(-10)). Suppose -4*f - 4*k + 36 = 0, -5 = -2*k - c. Let q(d) = 7*d**2 + d**3 + 1 - 2*d**3 + 1. Determine q(f).
2
Let n(y) = -6*y - 38. Let j(g) = -g**3 + 2*g**2 + 358*g - 46. Let p be j(-18). What is n(p)?
22
Let y(z) = z**3 - z**2 + 8. Suppose -5*c = -3*k + 7, 2*c = 4*k - 15 + 1. Suppose -5*l = -o - 15, k*l - 12 = 6*o - 8*o. What is y(o)?
8
Let m(s) = -3*s**2 - 3*s + 2. Let q(i) be the second derivative of i**5/20 + i**4/6 - i**3/6 + i**2/2 + i + 30. Let b be q(-1). What is m(b)?
-34
Let i be -8 + (-13 - -8)/(-5)*(10 - 3). Let t(v) = 13*v**2 + 12*v + 12. What is t(i)?
13
Let t(j) = -j**3 + j - 1. Let k(v) = 6*v**3 - 8*v + 8. Let o(f) = k(f) + 5*t(f). Suppose 0 = -5*i - 255 + 240. Give o(i).
-15
Let n(x) = x**3 + 3*x**2 + 3*x + 4. Let o = 9 + -5. Let k = -4065 - -4076. Suppose -5*h - k = -u, h - u - 17 = o*u. Calculate n(h).
-5
Let i(c) = -52*c**2 + 3*c - 2. Let q = 9260 + -9259. What is i(q)?
-51
Let k(x) = 290 + 2*x - 610 + 333. What is k(-6)?
1
Let t = -2301 - -2300. Let o(z) = 3*z**2 - 3. Calculate o(t).
0
Suppose 16*s + 80 = 48. Let p(l) = -8 + 4 - 2*l - 1 + 2. Determine p(s).
1
Let k(z) = 2*z**2 + 12*z + 27. Let o(u) = -10*u - 123. Let a be o(-12). Let s be k(a). Let r(b) = -b**3 + 8*b**2 + 9*b - 2. What is r(s)?
-2
Let b(l) = 3*l**3 - 270*l**2 - 276*l + 266. Let v be b(91). Let f(t) = t**2 + 6*t - 20. Determine f(v).
-13
Let i(d) be the second derivative of 5*d**3/3 - d**2/2 - 3*d. Suppose 0 = -2*m - 2 + 10. Suppose -m*j = -0*j - 4. What is i(j)?
9
Let a(s) = 123*s - 25. Let l(o) = 338*o - 74. Let b(x) = -11*a(x) + 4*l(x). What is b(-9)?
-12
Let c be (-4)/(-22) + (-36)/(-44) + 2. Let x(a) = 12463*a + 0*a**c - 12459*a - a**3 + 4*a**2. Determine x(5).
-5
Let c(u) = 5*u - 1. Let b = -17 - -19. Let y(d) = -b*d + 3 - 19*d + 1. Let w(n) = 26*c(n) + 6*y(n). Give w(-3).
-14
Let k(h) = 2*h**3 - 11*h**2 + 13*h + 4. Let a(x) = 136*x + 1092. Let i be a(-8). Give k(i).
8
Let l = 432 - 435. Let j(x) = -2 - 8*x**2 - 5 + 6*x**2 + 3*x**2. Give j(l).
2
Let s be (1302/124)/(0 + 3/4). Suppose 13*h = -92 + s. Let g(p) = p**2 + 12*p + 1. What is g(h)?
-35
Let f(w) be the third derivative of w**5/60 - 7*w**4/6 + 23*w**3/2 + 250*w**2. Calculate f(25).
-6
Let d(l) = -2*l**3 - 8*l**2 - 6*l - 4. Suppose 189*o + 765 = 24*o - 90*o. Calculate d(o).
-4
Let f(l) = -402*l + 1600. Let o be f(4). Let p(s) = 9*s + 57. Give p(o).
-15
Let c(r) = -r**2 - 5*r + 4. Let x(i) = 9*i - 8. Let n(l) = -7*l**2 + 3*l + 2. Let w be n(-1). Let s be x(w). Let y = -86 - s. Determine c(y).
-2
Let i(q) = -q**3 + 11*q**2 - 9*q - 12. Suppose -w = -10*t + 13*t + 272, -3*t = 3*w + 828. Let h = 288 + w. Give i(h).
-2
Suppose 0*d + 43*d - 73 - 99 = 0. Let c(s) be the third derivative of 0 - 1/60*s**5 - 6*s**2 - 9/40*s**6 + 0*s + 1/24*s**d - 1/6*s**3. Give c(1).
-28
Let y(a) = -a + a**2 - 2*a + 2*a**2 + 3. Let u(f) = -34*f - 257. Let o be u(-8). Let t(c) = c**3 - 20*c**2 + 75*c + 2. Let x be t(o). Give y(x).
9
Let x(g) = g**3 + 5*g**2 + 3*g - 1. Let y be 1/(-4) + 13/4. Let s be (4 - y) + 4/(-1) - 1. Determine x(s).
3
Let a(r) = -r**2 - 12*r - 4. Suppose 0 = 7*t - 11*t + 12. Suppose t*q - 589 = -616. Calculate a(q).
23
Suppose 0 = -2*q - 3*o - 12, 0 = 2*q - 24*o + 22*o - 8. Let b(p) = q + p - 3 - 2 - 1. Let f be -1 - 4/1*-2. Give b(f).
1
Let f(z) = 24*z - 1. Let m(t) = 65*t + 52. Let n(c) = -6*c - 5. Let o(b) = 5*m(b) + 52*n(b). Let j(d) = -6*f(d) + 11*o(d). Give j(4).
2
Let v(j) be the third derivative of -5*j**4/12 + j**3/6 - 2*j**2 - 10*j. Calculate v(2).
-19
Let i(v) be the third derivative of -v**5/30 - 23*v**4/12 - 17*v**3/2 + 3*v**2 - 8. Calculate i(-22).
-7
Suppose -3*i = -3*m + 114 - 51, 4*i - m + 72 = 0. Let b(t) = -t**2 - 12*t + 19. Give b(i).
-66
Let b(l) = -l**3 - l**2 - 3*l - 2. Let o(d) = 4*d**3 - 3*d**2 + 19*d - 1. Let z(x) = -3*b(x) - o(x). Calculate z(4).
-1
Let p(s) = -3*s**2 + 5*s - 6. Let v(c) = -5*c**2 + 10*c - 11. Let j(a) = -a - 10. Let b be j(-17). Let m(n) = b*p(n) - 4*v(n). What is m(-7)?
-12
Let m(t) = -199*t**3 - 208*t**3 - 4*t